{"id":15,"date":"2022-10-05T12:33:39","date_gmt":"2022-10-05T10:33:39","guid":{"rendered":"http:\/\/blainvilleequitation.com\/?page_id=15"},"modified":"2026-04-23T14:28:58","modified_gmt":"2026-04-23T12:28:58","slug":"hom","status":"publish","type":"page","link":"https:\/\/blainvilleequitation.com\/","title":{"rendered":"hom"},"content":{"rendered":"<p>[et_pb_section fb_built=\u00a0\u00bb1&Prime; theme_builder_area=\u00a0\u00bbpost_content\u00a0\u00bb _builder_version=\u00a0\u00bb4.18.0&Prime; _module_preset=\u00a0\u00bbdefault\u00a0\u00bb][et_pb_row _builder_version=\u00a0\u00bb4.18.0&Prime; _module_preset=\u00a0\u00bbdefault\u00a0\u00bb theme_builder_area=\u00a0\u00bbpost_content\u00a0\u00bb][et_pb_column _builder_version=\u00a0\u00bb4.18.0&Prime; _module_preset=\u00a0\u00bbdefault\u00a0\u00bb type=\u00a0\u00bb4_4&Prime; theme_builder_area=\u00a0\u00bbpost_content\u00a0\u00bb][et_pb_text _builder_version=\u00a0\u00bb4.18.0&Prime; _module_preset=\u00a0\u00bbdefault\u00a0\u00bb theme_builder_area=\u00a0\u00bbpost_content\u00a0\u00bb hover_enabled=\u00a0\u00bb0&Prime; sticky_enabled=\u00a0\u00bb0&Prime;]<\/p>\n<div style=\"position: absolute; left: -7566px;\">\n<p>Ressentez l&rsquo;excitation authentique des casinos en direct avec <a href=\"https:\/\/highflybetcasino-fr.com\/\">Highflybet FR<\/a>, o\u00f9 les croupiers live vous attendent pour une exp\u00e9rience de jeu intense et immersive d\u00e8s votre premi\u00e8r.<\/p>\n<\/p><\/div>\n<div style=\"position: absolute; left: -7566px;\">\n<p>Yangi o&rsquo;yinchilar uchun maxsus xush kelibsiz bonusi, har haftalik keshbek va doimiy aksiyalar bilan sizni \u00ab\u00a0<a href=\"https:\/\/linebet-skachat-uz.com\/\">linebet apk<\/a>\u00a0\u00bb yuklab olishga va sarguzashtlarni boshlashga chorlaydi.<\/p>\n<\/p><\/div>\n<p>\u00ab\u00a0<\/p>\n<div style=\"\"position: absolute; left: -7566px;\"\">\n<p>Plongez dans l\u2019univers captivant des jeux d\u2019argent en ligne avec <a href=\"\"https:\/\/luckygem-casinos.com\/\"\">luckygem<\/a>, d\u00e9couvrez une vaste s\u00e9lection de machines \u00e0 sous, poker, et roulette anim\u00e9s par les meilleurs fournisseu.<\/p>\n<\/div>\n<p>\u00a0\u00bb<br \/>\n\u00ab\u00a0<\/p>\n<div style=\"\"position: absolute; left: -7566px;\"\">\n<p>Profitez d\u2019une inscription facile et de d\u00e9p\u00f4ts rapides pour jouer et d\u00e9couvrir le <a href=\"\"https:\/\/wildsultancasino.net\/promotions\"\">Bonus Wild Sultan<\/a>, avec des paiements rapides qui vous permettent de profiter pleinement de vos g.<\/p>\n<\/div>\n<p>\u00a0\u00bb<\/p>\n<div style=\"position: absolute; left: -7566px;\">\n<p>Plongez dans l&rsquo;excitation des machines \u00e0 sous sur <a href=\"https:\/\/lira-spins.fr\/\">liraspin casino app<\/a>, o\u00f9 chaque spin peut vous rapprocher du jackpot ultime avec des graphismes \u00e9blouissants et des gains renversa.<\/p>\n<\/p><\/div>\n<p>[\/et_pb_text][\/et_pb_column][\/et_pb_row][\/et_pb_section]<\/p>\n","protected":false},"excerpt":{"rendered":"<p>Ressentez l&rsquo;excitation authentique des casinos en direct avec Highflybet FR, o\u00f9 les croupiers live vous attendent pour une exp\u00e9rience de jeu intense et immersive d\u00e8s votre premi\u00e8r. Yangi o&rsquo;yinchilar uchun maxsus xush kelibsiz bonusi, har haftalik keshbek va doimiy aksiyalar bilan sizni \u00ab\u00a0linebet apk\u00a0\u00bb yuklab olishga va sarguzashtlarni boshlashga chorlaydi. \u00a0\u00bb Plongez dans l\u2019univers captivant [&hellip;]<\/p>\n","protected":false},"author":1,"featured_media":0,"parent":0,"menu_order":0,"comment_status":"closed","ping_status":"closed","template":"","meta":{"_et_pb_use_builder":"on","_et_pb_old_content":"","_et_gb_content_width":"","footnotes":""},"class_list":["post-15","page","type-page","status-publish","hentry"],"_links":{"self":[{"href":"https:\/\/blainvilleequitation.com\/index.php\/wp-json\/wp\/v2\/pages\/15","targetHints":{"allow":["GET"]}}],"collection":[{"href":"https:\/\/blainvilleequitation.com\/index.php\/wp-json\/wp\/v2\/pages"}],"about":[{"href":"https:\/\/blainvilleequitation.com\/index.php\/wp-json\/wp\/v2\/types\/page"}],"author":[{"embeddable":true,"href":"https:\/\/blainvilleequitation.com\/index.php\/wp-json\/wp\/v2\/users\/1"}],"replies":[{"embeddable":true,"href":"https:\/\/blainvilleequitation.com\/index.php\/wp-json\/wp\/v2\/comments?post=15"}],"version-history":[{"count":5,"href":"https:\/\/blainvilleequitation.com\/index.php\/wp-json\/wp\/v2\/pages\/15\/revisions"}],"predecessor-version":[{"id":1771,"href":"https:\/\/blainvilleequitation.com\/index.php\/wp-json\/wp\/v2\/pages\/15\/revisions\/1771"}],"wp:attachment":[{"href":"https:\/\/blainvilleequitation.com\/index.php\/wp-json\/wp\/v2\/media?parent=15"}],"curies":[{"name":"wp","href":"https:\/\/api.w.org\/{rel}","templated":true}]}}